{"id":10,"date":"2023-08-08T09:00:19","date_gmt":"2023-08-08T09:00:19","guid":{"rendered":"https:\/\/dolcevitadelicatezze.ch\/dev\/?page_id=10"},"modified":"2023-08-13T13:31:44","modified_gmt":"2023-08-13T13:31:44","slug":"rueckerstattung_rueckgaben","status":"publish","type":"page","link":"https:\/\/dolcevitadelicatezze.ch\/index.php\/rueckerstattung_rueckgaben\/","title":{"rendered":"Allgemeine Gesch\u00e4ftsbedingungen (AGB)"},"content":{"rendered":"\n<p>Stand: 08.08.2023<\/p>\n\n\n\n<ol class=\"wp-block-list\">\n<li><strong>Geltungsbereich<\/strong> Diese Allgemeinen Gesch\u00e4ftsbedingungen (AGB) gelten f\u00fcr s\u00e4mtliche Bestellungen und Vertr\u00e4ge, die \u00fcber unseren Online-Shop abgewickelt werden. Durch die Nutzung unseres Online-Shops akzeptieren Sie diese AGB in vollem Umfang. Abweichende Bedingungen des Kunden werden nicht anerkannt, es sei denn, wir stimmen diesen ausdr\u00fccklich schriftlich zu.<\/li>\n\n\n\n<li><strong>Vertragspartner<\/strong> Der Kaufvertrag kommt zustande mit Dolce Vita Delicatezze, 8408 Winterthur. Sie erreichen unseren Kundendienst f\u00fcr Fragen, Reklamationen und Beanstandungen werktags von 08.00 &#8211; 12.00 \/ 13.30 &#8211; 17.00 unter Tel.: 076 \/ 499 93 92 oder per E-Mail an <a href=\"mailto:dolcevitadelicatezze@gmail.com\">dolcevitadelicatezze@gmail.com<\/a>.<\/li>\n\n\n\n<li><strong>Angebot und Vertragsabschluss<\/strong> Unsere Produktpr\u00e4sentationen im Online-Shop stellen keine rechtlich bindenden Angebote dar, sondern eine unverbindliche Aufforderung zur Bestellung. Durch das Anklicken des Buttons &#8220;Jetzt kaufen&#8221; geben Sie eine verbindliche Bestellung der im Warenkorb enthaltenen Waren ab. Der Kaufvertrag kommt zustande, wenn wir die bestellte Ware versenden.<\/li>\n\n\n\n<li><strong>Preise und Zahlungsbedingungen<\/strong> Die angegebenen Preise verstehen sich in Schweizer Franken (CHF) und enthalten die gesetzliche Mehrwertsteuer. Zus\u00e4tzlich zu den angegebenen Preisen k\u00f6nnen Versandkosten anfallen, deren genaue H\u00f6he Sie der Website entnehmen k\u00f6nnen. Die Zahlung erfolgt wahlweise per Kreditkarte, TWINT oder PayPal. Die Zahlungsabwicklung erfolgt \u00fcber sichere Zahlungsdienstleister.<\/li>\n\n\n\n<li><strong>Eigentumsvorbehalt<\/strong> Die gelieferte Ware bleibt bis zur vollst\u00e4ndigen Bezahlung unser Eigentum.<\/li>\n\n\n\n<li><strong>R\u00fcckgaberecht <\/strong>Dolce Vita Delicatezze&nbsp;nimmt alle unbenutzten Artikel innert&nbsp;3 Tagen zur\u00fcck ab Zustellungsdatum. Die Ware muss in einwandfreiem, unversehrtem Zustand sein und bei uns eingehen, da ansonsten das R\u00fcckgaberecht verf\u00e4llt. Die Frist beginnt mit dem Erhalt der Ware. Die R\u00fcckgabefrist wird gewahrt durch das fristgerechte Absenden der Ware. Im Falle von Unklarheiten muss die rechtzeitige R\u00fccksendung durch den Kunden jederzeit bspw. durch entsprechende Postquittungen belegbar sein. Die bezahlten Betr\u00e4ge werden, unter Abzug der Lieferkosten und allf\u00e4lliger Geb\u00fchren, zur\u00fcckerstattet. Die R\u00fccksendung erfolgt auf Ihre Kosten und Gefahr. Retouren bitte an folgende Adresse: Dolce Vita Delicatezze, Rumstalstrasse 86, 8408 Winterthur<\/li>\n\n\n\n<li><strong>Sachm\u00e4ngel und Garantie<\/strong> Beim Eintreffen hat der Kunde die Ware unverz\u00fcglich auf M\u00e4ngel und Beschaffenheit zu \u00fcberpr\u00fcfen. Im Falle offener M\u00e4ngel m\u00fcssen Einwendungen unverz\u00fcglich, sp\u00e4testens innerhalb von&nbsp;3 Tagen per E-Mail an <a href=\"mailto:dolcevitadelicatezze@gmail.com\">dolcevitadelicatezze@gmail.com<\/a> gemacht werden. Andernfalls entf\u00e4llt die Gew\u00e4hrleistung f\u00fcr diese M\u00e4ngel. Soweit es die gesetzlichen Bestimmungen erlauben, ist eine Haftung f\u00fcr den Schadenersatz, aus welchem Rechtsgrund auch immer, ausgeschlossen. Insbesondere haftet Dolce Vita Delicatezze&nbsp;nicht f\u00fcr indirekten Schaden oder M\u00e4ngelfolgesch\u00e4den.<\/li>\n\n\n\n<li><strong>Datenschutz<\/strong> Wir verarbeiten Ihre personenbezogenen Daten gem\u00e4\u00df unserer Datenschutzerkl\u00e4rung.<\/li>\n\n\n\n<li><strong>Schlussbestimmungen<\/strong> F\u00fcr s\u00e4mtliche Rechtsbeziehungen gilt schweizerisches Recht unter Ausschluss des UN-Kaufrechts. Ausschlie\u00dflicher Gerichtsstand f\u00fcr alle Streitigkeiten aus dem Vertragsverh\u00e4ltnis ist Winterthur, unter Ausschluss ordentlicher Gerichtsst\u00e4nde.<\/li>\n<\/ol>\n","protected":false},"excerpt":{"rendered":"<p>Stand: 08.08.2023<\/p>\n","protected":false},"author":1,"featured_media":0,"parent":0,"menu_order":0,"comment_status":"closed","ping_status":"closed","template":"","meta":{"neve_meta_sidebar":"","neve_meta_container":"","neve_meta_enable_content_width":"","neve_meta_content_width":0,"neve_meta_title_alignment":"","neve_meta_author_avatar":"","neve_post_elements_order":"","neve_meta_disable_header":"","neve_meta_disable_footer":"","neve_meta_disable_title":"","_themeisle_gutenberg_block_has_review":false,"_ti_tpc_template_sync":false,"_ti_tpc_template_id":"","footnotes":""},"class_list":["post-10","page","type-page","status-publish","hentry"],"yoast_head":"<!-- This site is optimized with the Yoast SEO plugin v27.4 - https:\/\/yoast.com\/product\/yoast-seo-wordpress\/ -->\n<title>Allgemeine Gesch\u00e4ftsbedingungen (AGB) - Dolce Vita Delicatezze<\/title>\n<meta name=\"robots\" content=\"noindex, follow, max-snippet:-1, max-image-preview:large, max-video-preview:-1\" \/>\n<meta property=\"og:locale\" content=\"de_DE\" \/>\n<meta property=\"og:type\" content=\"article\" \/>\n<meta property=\"og:title\" content=\"Allgemeine Gesch\u00e4ftsbedingungen (AGB) - Dolce Vita Delicatezze\" \/>\n<meta property=\"og:description\" content=\"Stand: 08.08.2023\" \/>\n<meta property=\"og:url\" content=\"https:\/\/dolcevitadelicatezze.ch\/index.php\/rueckerstattung_rueckgaben\/\" \/>\n<meta property=\"og:site_name\" content=\"Dolce Vita Delicatezze\" \/>\n<meta property=\"article:modified_time\" content=\"2023-08-13T13:31:44+00:00\" \/>\n<meta name=\"twitter:card\" content=\"summary_large_image\" \/>\n<meta name=\"twitter:label1\" content=\"Gesch\u00e4tzte Lesezeit\" \/>\n\t<meta name=\"twitter:data1\" content=\"3\u00a0Minuten\" \/>\n<script type=\"application\/ld+json\" class=\"yoast-schema-graph\">{\"@context\":\"https:\\\/\\\/schema.org\",\"@graph\":[{\"@type\":\"WebPage\",\"@id\":\"https:\\\/\\\/dolcevitadelicatezze.ch\\\/index.php\\\/rueckerstattung_rueckgaben\\\/\",\"url\":\"https:\\\/\\\/dolcevitadelicatezze.ch\\\/index.php\\\/rueckerstattung_rueckgaben\\\/\",\"name\":\"Allgemeine Gesch\u00e4ftsbedingungen (AGB) - Dolce Vita Delicatezze\",\"isPartOf\":{\"@id\":\"https:\\\/\\\/dolcevitadelicatezze.ch\\\/#website\"},\"datePublished\":\"2023-08-08T09:00:19+00:00\",\"dateModified\":\"2023-08-13T13:31:44+00:00\",\"breadcrumb\":{\"@id\":\"https:\\\/\\\/dolcevitadelicatezze.ch\\\/index.php\\\/rueckerstattung_rueckgaben\\\/#breadcrumb\"},\"inLanguage\":\"de\",\"potentialAction\":[{\"@type\":\"ReadAction\",\"target\":[\"https:\\\/\\\/dolcevitadelicatezze.ch\\\/index.php\\\/rueckerstattung_rueckgaben\\\/\"]}]},{\"@type\":\"BreadcrumbList\",\"@id\":\"https:\\\/\\\/dolcevitadelicatezze.ch\\\/index.php\\\/rueckerstattung_rueckgaben\\\/#breadcrumb\",\"itemListElement\":[{\"@type\":\"ListItem\",\"position\":1,\"name\":\"Startseite\",\"item\":\"https:\\\/\\\/dolcevitadelicatezze.ch\\\/\"},{\"@type\":\"ListItem\",\"position\":2,\"name\":\"Allgemeine Gesch\u00e4ftsbedingungen (AGB)\"}]},{\"@type\":\"WebSite\",\"@id\":\"https:\\\/\\\/dolcevitadelicatezze.ch\\\/#website\",\"url\":\"https:\\\/\\\/dolcevitadelicatezze.ch\\\/\",\"name\":\"Dolce Vita Delicatezze\",\"description\":\"\",\"publisher\":{\"@id\":\"https:\\\/\\\/dolcevitadelicatezze.ch\\\/#organization\"},\"potentialAction\":[{\"@type\":\"SearchAction\",\"target\":{\"@type\":\"EntryPoint\",\"urlTemplate\":\"https:\\\/\\\/dolcevitadelicatezze.ch\\\/?s={search_term_string}\"},\"query-input\":{\"@type\":\"PropertyValueSpecification\",\"valueRequired\":true,\"valueName\":\"search_term_string\"}}],\"inLanguage\":\"de\"},{\"@type\":\"Organization\",\"@id\":\"https:\\\/\\\/dolcevitadelicatezze.ch\\\/#organization\",\"name\":\"Dolce Vita Delicatezze\",\"url\":\"https:\\\/\\\/dolcevitadelicatezze.ch\\\/\",\"logo\":{\"@type\":\"ImageObject\",\"inLanguage\":\"de\",\"@id\":\"https:\\\/\\\/dolcevitadelicatezze.ch\\\/#\\\/schema\\\/logo\\\/image\\\/\",\"url\":\"https:\\\/\\\/i0.wp.com\\\/dolcevitadelicatezze.ch\\\/wp-content\\\/uploads\\\/2020\\\/10\\\/shop-icon.png?fit=512%2C512&ssl=1\",\"contentUrl\":\"https:\\\/\\\/i0.wp.com\\\/dolcevitadelicatezze.ch\\\/wp-content\\\/uploads\\\/2020\\\/10\\\/shop-icon.png?fit=512%2C512&ssl=1\",\"width\":512,\"height\":512,\"caption\":\"Dolce Vita Delicatezze\"},\"image\":{\"@id\":\"https:\\\/\\\/dolcevitadelicatezze.ch\\\/#\\\/schema\\\/logo\\\/image\\\/\"}}]}<\/script>\n<!-- \/ Yoast SEO plugin. -->","yoast_head_json":{"title":"Allgemeine Gesch\u00e4ftsbedingungen (AGB) - Dolce Vita Delicatezze","robots":{"index":"noindex","follow":"follow","max-snippet":"max-snippet:-1","max-image-preview":"max-image-preview:large","max-video-preview":"max-video-preview:-1"},"og_locale":"de_DE","og_type":"article","og_title":"Allgemeine Gesch\u00e4ftsbedingungen (AGB) - Dolce Vita Delicatezze","og_description":"Stand: 08.08.2023","og_url":"https:\/\/dolcevitadelicatezze.ch\/index.php\/rueckerstattung_rueckgaben\/","og_site_name":"Dolce Vita Delicatezze","article_modified_time":"2023-08-13T13:31:44+00:00","twitter_card":"summary_large_image","twitter_misc":{"Gesch\u00e4tzte Lesezeit":"3\u00a0Minuten"},"schema":{"@context":"https:\/\/schema.org","@graph":[{"@type":"WebPage","@id":"https:\/\/dolcevitadelicatezze.ch\/index.php\/rueckerstattung_rueckgaben\/","url":"https:\/\/dolcevitadelicatezze.ch\/index.php\/rueckerstattung_rueckgaben\/","name":"Allgemeine Gesch\u00e4ftsbedingungen (AGB) - Dolce Vita Delicatezze","isPartOf":{"@id":"https:\/\/dolcevitadelicatezze.ch\/#website"},"datePublished":"2023-08-08T09:00:19+00:00","dateModified":"2023-08-13T13:31:44+00:00","breadcrumb":{"@id":"https:\/\/dolcevitadelicatezze.ch\/index.php\/rueckerstattung_rueckgaben\/#breadcrumb"},"inLanguage":"de","potentialAction":[{"@type":"ReadAction","target":["https:\/\/dolcevitadelicatezze.ch\/index.php\/rueckerstattung_rueckgaben\/"]}]},{"@type":"BreadcrumbList","@id":"https:\/\/dolcevitadelicatezze.ch\/index.php\/rueckerstattung_rueckgaben\/#breadcrumb","itemListElement":[{"@type":"ListItem","position":1,"name":"Startseite","item":"https:\/\/dolcevitadelicatezze.ch\/"},{"@type":"ListItem","position":2,"name":"Allgemeine Gesch\u00e4ftsbedingungen (AGB)"}]},{"@type":"WebSite","@id":"https:\/\/dolcevitadelicatezze.ch\/#website","url":"https:\/\/dolcevitadelicatezze.ch\/","name":"Dolce Vita Delicatezze","description":"","publisher":{"@id":"https:\/\/dolcevitadelicatezze.ch\/#organization"},"potentialAction":[{"@type":"SearchAction","target":{"@type":"EntryPoint","urlTemplate":"https:\/\/dolcevitadelicatezze.ch\/?s={search_term_string}"},"query-input":{"@type":"PropertyValueSpecification","valueRequired":true,"valueName":"search_term_string"}}],"inLanguage":"de"},{"@type":"Organization","@id":"https:\/\/dolcevitadelicatezze.ch\/#organization","name":"Dolce Vita Delicatezze","url":"https:\/\/dolcevitadelicatezze.ch\/","logo":{"@type":"ImageObject","inLanguage":"de","@id":"https:\/\/dolcevitadelicatezze.ch\/#\/schema\/logo\/image\/","url":"https:\/\/i0.wp.com\/dolcevitadelicatezze.ch\/wp-content\/uploads\/2020\/10\/shop-icon.png?fit=512%2C512&ssl=1","contentUrl":"https:\/\/i0.wp.com\/dolcevitadelicatezze.ch\/wp-content\/uploads\/2020\/10\/shop-icon.png?fit=512%2C512&ssl=1","width":512,"height":512,"caption":"Dolce Vita Delicatezze"},"image":{"@id":"https:\/\/dolcevitadelicatezze.ch\/#\/schema\/logo\/image\/"}}]}},"jetpack_sharing_enabled":true,"_links":{"self":[{"href":"https:\/\/dolcevitadelicatezze.ch\/index.php\/wp-json\/wp\/v2\/pages\/10","targetHints":{"allow":["GET"]}}],"collection":[{"href":"https:\/\/dolcevitadelicatezze.ch\/index.php\/wp-json\/wp\/v2\/pages"}],"about":[{"href":"https:\/\/dolcevitadelicatezze.ch\/index.php\/wp-json\/wp\/v2\/types\/page"}],"author":[{"embeddable":true,"href":"https:\/\/dolcevitadelicatezze.ch\/index.php\/wp-json\/wp\/v2\/users\/1"}],"replies":[{"embeddable":true,"href":"https:\/\/dolcevitadelicatezze.ch\/index.php\/wp-json\/wp\/v2\/comments?post=10"}],"version-history":[{"count":2,"href":"https:\/\/dolcevitadelicatezze.ch\/index.php\/wp-json\/wp\/v2\/pages\/10\/revisions"}],"predecessor-version":[{"id":483,"href":"https:\/\/dolcevitadelicatezze.ch\/index.php\/wp-json\/wp\/v2\/pages\/10\/revisions\/483"}],"wp:attachment":[{"href":"https:\/\/dolcevitadelicatezze.ch\/index.php\/wp-json\/wp\/v2\/media?parent=10"}],"curies":[{"name":"wp","href":"https:\/\/api.w.org\/{rel}","templated":true}]}}