{"id":2,"date":"2023-01-13T10:35:09","date_gmt":"2023-01-13T10:35:09","guid":{"rendered":"https:\/\/dolcevitadelicatezze.ch\/dev\/?page_id=2"},"modified":"2023-09-14T16:00:20","modified_gmt":"2023-09-14T16:00:20","slug":"sample-page","status":"publish","type":"page","link":"https:\/\/dolcevitadelicatezze.ch\/index.php\/shop\/sample-page\/","title":{"rendered":"Versand"},"content":{"rendered":"\n<p><strong>Versandkosten<\/strong>:<\/p>\n\n\n\n<p>Bestellungen ab\u00a0CHF 150.- : <strong>kostenlose Lieferung<\/strong><br>Bestellungen\u00a0bis CHF 150.- : <strong>CHF 14.90<\/strong><\/p>\n\n\n\n<p><strong>Lieferung:<\/strong><\/p>\n\n\n\n<p>Bestellungen werden jede Woche bis Dienstag 12.00 Uhr entgegengenommen, die Lieferung erfolgt per Swiss Express Mond am Freitag Morgen bis 09.00 Uhr<\/p>\n\n\n\n<p>Dolce Vita Delicatezze \u00fcbernimmt keine Haftung bei Unzustellbarkeit oder versp\u00e4teter Auslieferung unserer Produkte infolge falsch deklarierter Lieferadressen, Abwesenheit des Empf\u00e4ngers, Problemen der Schweizerischen Post oder Ereignissen, welche auf h\u00f6here Gewalt zur\u00fcckzuf\u00fchren sind. Wir liefern nur innerhalb der Schweiz und Lichtenstein. Der Lieferort entspricht der in der Auftragsbest\u00e4tigung angegebenen Adresse.<\/p>\n","protected":false},"excerpt":{"rendered":"<p>Versandkosten: Bestellungen ab\u00a0CHF 150.- : kostenlose LieferungBestellungen\u00a0bis CHF 150.- : CHF 14.90 Lieferung: Bestellungen werden jede Woche bis Dienstag 12.00 Uhr entgegengenommen, die Lieferung erfolgt per Swiss Express Mond am Freitag Morgen bis 09.00 Uhr Dolce Vita Delicatezze \u00fcbernimmt keine Haftung bei Unzustellbarkeit oder versp\u00e4teter Auslieferung unserer Produkte infolge falsch deklarierter Lieferadressen, Abwesenheit des Empf\u00e4ngers,&hellip;&nbsp;<a href=\"https:\/\/dolcevitadelicatezze.ch\/index.php\/shop\/sample-page\/\" class=\"\" rel=\"bookmark\">Weiterlesen &raquo;<span class=\"screen-reader-text\">Versand<\/span><\/a><\/p>\n","protected":false},"author":1,"featured_media":0,"parent":6,"menu_order":0,"comment_status":"closed","ping_status":"closed","template":"","meta":{"neve_meta_sidebar":"","neve_meta_container":"","neve_meta_enable_content_width":"","neve_meta_content_width":0,"neve_meta_title_alignment":"","neve_meta_author_avatar":"","neve_post_elements_order":"","neve_meta_disable_header":"","neve_meta_disable_footer":"","neve_meta_disable_title":"","_themeisle_gutenberg_block_has_review":false,"_ti_tpc_template_sync":false,"_ti_tpc_template_id":"","footnotes":""},"class_list":["post-2","page","type-page","status-publish","hentry"],"yoast_head":"<!-- This site is optimized with the Yoast SEO plugin v27.4 - https:\/\/yoast.com\/product\/yoast-seo-wordpress\/ -->\n<title>Versand - Dolce Vita Delicatezze<\/title>\n<meta name=\"robots\" content=\"noindex, follow, max-snippet:-1, max-image-preview:large, max-video-preview:-1\" \/>\n<meta property=\"og:locale\" content=\"de_DE\" \/>\n<meta property=\"og:type\" content=\"article\" \/>\n<meta property=\"og:title\" content=\"Versand - Dolce Vita Delicatezze\" \/>\n<meta property=\"og:description\" content=\"Versandkosten: Bestellungen ab\u00a0CHF 150.- : kostenlose LieferungBestellungen\u00a0bis CHF 150.- : CHF 14.90 Lieferung: Bestellungen werden jede Woche bis Dienstag 12.00 Uhr entgegengenommen, die Lieferung erfolgt per Swiss Express Mond am Freitag Morgen bis 09.00 Uhr Dolce Vita Delicatezze \u00fcbernimmt keine Haftung bei Unzustellbarkeit oder versp\u00e4teter Auslieferung unserer Produkte infolge falsch deklarierter Lieferadressen, Abwesenheit des Empf\u00e4ngers,&hellip;&nbsp;Weiterlesen &raquo;Versand\" \/>\n<meta property=\"og:url\" content=\"https:\/\/dolcevitadelicatezze.ch\/index.php\/shop\/sample-page\/\" \/>\n<meta property=\"og:site_name\" content=\"Dolce Vita Delicatezze\" \/>\n<meta property=\"article:modified_time\" content=\"2023-09-14T16:00:20+00:00\" \/>\n<meta name=\"twitter:card\" content=\"summary_large_image\" \/>\n<meta name=\"twitter:label1\" content=\"Gesch\u00e4tzte Lesezeit\" \/>\n\t<meta name=\"twitter:data1\" content=\"1\u00a0Minute\" \/>\n<script type=\"application\/ld+json\" class=\"yoast-schema-graph\">{\"@context\":\"https:\\\/\\\/schema.org\",\"@graph\":[{\"@type\":\"WebPage\",\"@id\":\"https:\\\/\\\/dolcevitadelicatezze.ch\\\/index.php\\\/shop\\\/sample-page\\\/\",\"url\":\"https:\\\/\\\/dolcevitadelicatezze.ch\\\/index.php\\\/shop\\\/sample-page\\\/\",\"name\":\"Versand - Dolce Vita Delicatezze\",\"isPartOf\":{\"@id\":\"https:\\\/\\\/dolcevitadelicatezze.ch\\\/#website\"},\"datePublished\":\"2023-01-13T10:35:09+00:00\",\"dateModified\":\"2023-09-14T16:00:20+00:00\",\"breadcrumb\":{\"@id\":\"https:\\\/\\\/dolcevitadelicatezze.ch\\\/index.php\\\/shop\\\/sample-page\\\/#breadcrumb\"},\"inLanguage\":\"de\",\"potentialAction\":[{\"@type\":\"ReadAction\",\"target\":[\"https:\\\/\\\/dolcevitadelicatezze.ch\\\/index.php\\\/shop\\\/sample-page\\\/\"]}]},{\"@type\":\"BreadcrumbList\",\"@id\":\"https:\\\/\\\/dolcevitadelicatezze.ch\\\/index.php\\\/shop\\\/sample-page\\\/#breadcrumb\",\"itemListElement\":[{\"@type\":\"ListItem\",\"position\":1,\"name\":\"Startseite\",\"item\":\"https:\\\/\\\/dolcevitadelicatezze.ch\\\/\"},{\"@type\":\"ListItem\",\"position\":2,\"name\":\"Produkte\",\"item\":\"https:\\\/\\\/dolcevitadelicatezze.ch\\\/index.php\\\/shop\\\/\"},{\"@type\":\"ListItem\",\"position\":3,\"name\":\"Versand\"}]},{\"@type\":\"WebSite\",\"@id\":\"https:\\\/\\\/dolcevitadelicatezze.ch\\\/#website\",\"url\":\"https:\\\/\\\/dolcevitadelicatezze.ch\\\/\",\"name\":\"Dolce Vita Delicatezze\",\"description\":\"\",\"publisher\":{\"@id\":\"https:\\\/\\\/dolcevitadelicatezze.ch\\\/#organization\"},\"potentialAction\":[{\"@type\":\"SearchAction\",\"target\":{\"@type\":\"EntryPoint\",\"urlTemplate\":\"https:\\\/\\\/dolcevitadelicatezze.ch\\\/?s={search_term_string}\"},\"query-input\":{\"@type\":\"PropertyValueSpecification\",\"valueRequired\":true,\"valueName\":\"search_term_string\"}}],\"inLanguage\":\"de\"},{\"@type\":\"Organization\",\"@id\":\"https:\\\/\\\/dolcevitadelicatezze.ch\\\/#organization\",\"name\":\"Dolce Vita Delicatezze\",\"url\":\"https:\\\/\\\/dolcevitadelicatezze.ch\\\/\",\"logo\":{\"@type\":\"ImageObject\",\"inLanguage\":\"de\",\"@id\":\"https:\\\/\\\/dolcevitadelicatezze.ch\\\/#\\\/schema\\\/logo\\\/image\\\/\",\"url\":\"https:\\\/\\\/i0.wp.com\\\/dolcevitadelicatezze.ch\\\/wp-content\\\/uploads\\\/2020\\\/10\\\/shop-icon.png?fit=512%2C512&ssl=1\",\"contentUrl\":\"https:\\\/\\\/i0.wp.com\\\/dolcevitadelicatezze.ch\\\/wp-content\\\/uploads\\\/2020\\\/10\\\/shop-icon.png?fit=512%2C512&ssl=1\",\"width\":512,\"height\":512,\"caption\":\"Dolce Vita Delicatezze\"},\"image\":{\"@id\":\"https:\\\/\\\/dolcevitadelicatezze.ch\\\/#\\\/schema\\\/logo\\\/image\\\/\"}}]}<\/script>\n<!-- \/ Yoast SEO plugin. -->","yoast_head_json":{"title":"Versand - Dolce Vita Delicatezze","robots":{"index":"noindex","follow":"follow","max-snippet":"max-snippet:-1","max-image-preview":"max-image-preview:large","max-video-preview":"max-video-preview:-1"},"og_locale":"de_DE","og_type":"article","og_title":"Versand - Dolce Vita Delicatezze","og_description":"Versandkosten: Bestellungen ab\u00a0CHF 150.- : kostenlose LieferungBestellungen\u00a0bis CHF 150.- : CHF 14.90 Lieferung: Bestellungen werden jede Woche bis Dienstag 12.00 Uhr entgegengenommen, die Lieferung erfolgt per Swiss Express Mond am Freitag Morgen bis 09.00 Uhr Dolce Vita Delicatezze \u00fcbernimmt keine Haftung bei Unzustellbarkeit oder versp\u00e4teter Auslieferung unserer Produkte infolge falsch deklarierter Lieferadressen, Abwesenheit des Empf\u00e4ngers,&hellip;&nbsp;Weiterlesen &raquo;Versand","og_url":"https:\/\/dolcevitadelicatezze.ch\/index.php\/shop\/sample-page\/","og_site_name":"Dolce Vita Delicatezze","article_modified_time":"2023-09-14T16:00:20+00:00","twitter_card":"summary_large_image","twitter_misc":{"Gesch\u00e4tzte Lesezeit":"1\u00a0Minute"},"schema":{"@context":"https:\/\/schema.org","@graph":[{"@type":"WebPage","@id":"https:\/\/dolcevitadelicatezze.ch\/index.php\/shop\/sample-page\/","url":"https:\/\/dolcevitadelicatezze.ch\/index.php\/shop\/sample-page\/","name":"Versand - Dolce Vita Delicatezze","isPartOf":{"@id":"https:\/\/dolcevitadelicatezze.ch\/#website"},"datePublished":"2023-01-13T10:35:09+00:00","dateModified":"2023-09-14T16:00:20+00:00","breadcrumb":{"@id":"https:\/\/dolcevitadelicatezze.ch\/index.php\/shop\/sample-page\/#breadcrumb"},"inLanguage":"de","potentialAction":[{"@type":"ReadAction","target":["https:\/\/dolcevitadelicatezze.ch\/index.php\/shop\/sample-page\/"]}]},{"@type":"BreadcrumbList","@id":"https:\/\/dolcevitadelicatezze.ch\/index.php\/shop\/sample-page\/#breadcrumb","itemListElement":[{"@type":"ListItem","position":1,"name":"Startseite","item":"https:\/\/dolcevitadelicatezze.ch\/"},{"@type":"ListItem","position":2,"name":"Produkte","item":"https:\/\/dolcevitadelicatezze.ch\/index.php\/shop\/"},{"@type":"ListItem","position":3,"name":"Versand"}]},{"@type":"WebSite","@id":"https:\/\/dolcevitadelicatezze.ch\/#website","url":"https:\/\/dolcevitadelicatezze.ch\/","name":"Dolce Vita Delicatezze","description":"","publisher":{"@id":"https:\/\/dolcevitadelicatezze.ch\/#organization"},"potentialAction":[{"@type":"SearchAction","target":{"@type":"EntryPoint","urlTemplate":"https:\/\/dolcevitadelicatezze.ch\/?s={search_term_string}"},"query-input":{"@type":"PropertyValueSpecification","valueRequired":true,"valueName":"search_term_string"}}],"inLanguage":"de"},{"@type":"Organization","@id":"https:\/\/dolcevitadelicatezze.ch\/#organization","name":"Dolce Vita Delicatezze","url":"https:\/\/dolcevitadelicatezze.ch\/","logo":{"@type":"ImageObject","inLanguage":"de","@id":"https:\/\/dolcevitadelicatezze.ch\/#\/schema\/logo\/image\/","url":"https:\/\/i0.wp.com\/dolcevitadelicatezze.ch\/wp-content\/uploads\/2020\/10\/shop-icon.png?fit=512%2C512&ssl=1","contentUrl":"https:\/\/i0.wp.com\/dolcevitadelicatezze.ch\/wp-content\/uploads\/2020\/10\/shop-icon.png?fit=512%2C512&ssl=1","width":512,"height":512,"caption":"Dolce Vita Delicatezze"},"image":{"@id":"https:\/\/dolcevitadelicatezze.ch\/#\/schema\/logo\/image\/"}}]}},"jetpack_sharing_enabled":true,"_links":{"self":[{"href":"https:\/\/dolcevitadelicatezze.ch\/index.php\/wp-json\/wp\/v2\/pages\/2","targetHints":{"allow":["GET"]}}],"collection":[{"href":"https:\/\/dolcevitadelicatezze.ch\/index.php\/wp-json\/wp\/v2\/pages"}],"about":[{"href":"https:\/\/dolcevitadelicatezze.ch\/index.php\/wp-json\/wp\/v2\/types\/page"}],"author":[{"embeddable":true,"href":"https:\/\/dolcevitadelicatezze.ch\/index.php\/wp-json\/wp\/v2\/users\/1"}],"replies":[{"embeddable":true,"href":"https:\/\/dolcevitadelicatezze.ch\/index.php\/wp-json\/wp\/v2\/comments?post=2"}],"version-history":[{"count":5,"href":"https:\/\/dolcevitadelicatezze.ch\/index.php\/wp-json\/wp\/v2\/pages\/2\/revisions"}],"predecessor-version":[{"id":587,"href":"https:\/\/dolcevitadelicatezze.ch\/index.php\/wp-json\/wp\/v2\/pages\/2\/revisions\/587"}],"up":[{"embeddable":true,"href":"https:\/\/dolcevitadelicatezze.ch\/index.php\/wp-json\/wp\/v2\/pages\/6"}],"wp:attachment":[{"href":"https:\/\/dolcevitadelicatezze.ch\/index.php\/wp-json\/wp\/v2\/media?parent=2"}],"curies":[{"name":"wp","href":"https:\/\/api.w.org\/{rel}","templated":true}]}}